d + 3. Suppose -3*n = -n. Let p be v(n). Suppose p*s = -4*b + 4*s + 41, -b + 12 = -2*s. What is the units digit of b?
0
Let p(x) = x**2 - 29*x - 33. What is the units digit of p(33)?
9
Let o be (32/(-48))/(2/42). Let s(w) = -w**2 - 22*w - 24. What is the units digit of s(o)?
8
What is the hundreds digit of (395 - 7) + (-3 + 3)/4?
3
Suppose -j - 20 = j. Let u be 2/(-1) + -1 - -14. Let n = j + u. What is the units digit of n?
1
Let d(w) = w**3 + 7*w**2 - 14*w - 7. Let m be d(-10). Let h = -14 - m. What is the tens digit of h?
5
Suppose -2*c + 1 = t, -c - 5*t = 2*c + 16. Suppose 4*h + 5 = -c. What is the tens digit of 0 - (-19 + (-3 - h))?
2
What is the units digit of 0 + (-2476)/(-12) + 2/3?
7
Suppose 2*c = -4*v + 2, -2*c + 6*c = v + 13. What is the units digit of v + (15/(-5) - -30)?
6
Let h be (-3 - -5)/(4/8). Suppose 4*s + 0*s + 304 = 4*r, h*r = 2*s + 294. What is the tens digit of r?
7
What is the tens digit of -1 - (703/(-4) + 18/24)?
7
Let f(r) = r**3 - 12*r**2 - 13*r + 27. Let q be (-39)/1*(-6)/18. What is the units digit of f(q)?
7
Let m be ((-2 - 1) + 3)/(-2). Suppose m*v - 8 = 2*v, 4*u = 3*v + 20. What is the units digit of u/(8/(-12)) - -18?
5
Suppose 0 = 10*x - 8*x + 4*o - 2524, -2*o = 2. What is the units digit of x?
4
Let w(f) be the third derivative of -5/12*f**4 + 0 - 1/120*f**6 - 5*f**2 + 0*f - 7/60*f**5 - 3/2*f**3. What is the units digit of w(-7)?
1
Let b(o) = o**3 - 7*o**2 + 27*o - 67. What is the hundreds digit of b(10)?
5
Suppose 0 = w + 4*w - 5. Let g be (-142)/4 - w/2. Let d = g - -62. What is the units digit of d?
6
Let q(o) = o**3 - 2*o**2 + 1. Let b be q(3). Let r = 12 + -15. Let p = b - r. What is the tens digit of p?
1
Let k be ((-2860)/(-33))/(1/6). Suppose 0 = -g + 2*s + 178, -5*g + k = -3*s - 398. What is the units digit of g?
6
Let v(s) = 5*s + 12 + 13*s - 39*s. Let l be v(6). Let x = -75 - l. What is the tens digit of x?
3
Let l be (-12)/(-7) - (-2)/7. Let v be l/5 - 138/(-5). Suppose -3*p + v = -p. What is the units digit of p?
4
Let f(u) = -20*u - 13. Let j be f(-4). Let z = 98 - j. What is the units digit of z?
1
Let v(y) = -y**2 - 10*y - 7. Let h be v(-7). Let i = -22 + h. Let n = 1 - i. What is the units digit of n?
9
Let n = 35 + 3. Let u = n - 127. Let g = u - -128. What is the units digit of g?
9
Let g = 20 - 16. Suppose 0*l = -l + 3. Suppose -2*o + 61 = 3*k, -l*o + o + 62 = g*k. What is the units digit of o?
9
Suppose 3*s - 2*j = 15005, -j = -30*s + 34*s - 20014. What is the units digit of s?
3
Let g be 4*(2 + -3)*-31. Let a = g - 68. What is the units digit of a?
6
Suppose 5*q = 3*v + 73, -3*q + v + 29 = -q. Suppose 2*c = -4*p + q, 2 = p - 0*p + c. Suppose p*z + 12 + 3 = 0, 104 = 4*y - 4*z. What is the units digit of y?
3
Let p(b) = 3338*b - 23. What is the thousands digit of p(1)?
3
Let g = 1349 - 528. What is the units digit of g?
1
Suppose 0 = -5*y - 9*y + 55804. What is the tens digit of y?
8
Let z = 7571 + -4459. What is the tens digit of z?
1
Let p(y) = 1934*y**2 - 17*y + 17. What is the units digit of p(1)?
4
Let h be -2*2/4 + 767 + -3. Let f = -517 + h. What is the units digit of f?
6
Let n be 4 - (2 + (4 - 11)). What is the units digit of (6/n)/((-10)/(-1095))?
3
Let o = -44 + 40. What is the units digit of (-1 + 4)*(43 - o)?
1
Let v(o) = 21*o + 3. Let n be v(5). Suppose 363 - n = 5*t. What is the tens digit of t?
5
Suppose 2*q + 96 = 2*t, -3*t + 79 + 25 = 5*q. Suppose y = 5*s + t, 4*y = -0*s - 5*s + 172. Suppose -159 = -4*z - y. What is the units digit of z?
9
Let l(j) = -2*j + 23. Let i be l(11). Let w(a) = 63*a**2 + a - 1. What is the units digit of w(i)?
3
Let d(h) = 852*h**3 + h**2 + 3*h + 2. Let r be d(-1). What is the units digit of r/(-8) - 6/4?
5
Let d(z) = z**2 - 6*z + 10. Let j be d(4). Suppose 5*t + y = -3*y + 14, -t - y = -j. What is the units digit of t?
6
Suppose 2*d = -0*d + 6. Suppose -2 = -d*i - 4*k, 3*i - k - 8 = k. What is the units digit of (123/(-6))/(i/(-4))?
1
Let c(n) = 0*n**2 + 2 - 2*n**2 - 47 + n**2 + 27*n. What is the tens digit of c(20)?
9
Let h be (-4)/12 + 322/(-6). Let f = 131 + h. Suppose -2*p + 3*u + 136 = 0, 5*p - f = 4*u + 249. What is the tens digit of p?
6
Suppose -2*a = -0*a + 3*y - 5, 5*y - 13 = -4*a. Let l(u) be the third derivative of 5*u**4/24 - 2*u**3 + 2*u**2 - 12*u. What is the tens digit of l(a)?
2
Let j = -16 + 16. Let l(y) = -4*y + 69. What is the units digit of l(j)?
9
Let n(x) = -9*x + 1. Let j = -21 - -24. Suppose -4*h - j = -3*h. What is the units digit of n(h)?
8
Let t(a) be the third derivative of -23*a**4/12 + 7*a**3/6 - 7*a**2. Let w be t(5). What is the tens digit of w/(-3) + (-7)/21?
7
Suppose -633 - 363 = -6*w. Let a = -90 + w. What is the units digit of a?
6
Let k be ((-20)/12)/((-4)/12). Let u(z) = 17*z - 21. What is the units digit of u(k)?
4
Let u(d) = -d. Let r(t) = 20*t. Let w(o) = 3*r(o) + 21*u(o). What is the tens digit of w(1)?
3
Suppose -2*z + 0*z = 2*s + 4, 2*z - 4*s = -4. Let p(h) = -9*h**3 + 2*h - 1. What is the tens digit of p(z)?
6
Let j(h) = -h - 1. Let u(c) = -26*c - 16. Let o(q) = 3*j(q) + u(q). What is the units digit of o(-2)?
9
Let v(t) = 2*t + 7. Let a be v(5). Let z = a + 33. What is the units digit of z?
0
Suppose 4*b + 5*q - 107 = 0, 11*q = -5*b + 12*q + 170. Suppose j = 229 - b. What is the units digit of j?
6
Suppose -3*n + 12462 = 5*c, 4*n + 1456 = c - 1018. What is the tens digit of c?
9
Suppose 3*m - 3*a - 7626 = 0, -m - 3*a + 1666 = -868. What is the hundreds digit of m?
5
Let p(k) be the first derivative of k**3 - k - 1. Let n = -201 - -202. What is the units digit of p(n)?
2
Suppose -25*p + 5530 + 40145 = 0. What is the thousands digit of p?
1
Suppose 0 = 4*z - 12*z + 72. Suppose -4*v = 3*u - z, v + 5*u + 16 + 3 = 0. Let g(m) = m**3 - 4*m**2 - 2*m + 2. What is the tens digit of g(v)?
6
Let z(b) be the third derivative of -59*b**6/60 - b**5/60 - b**4/12 - b**3/6 + b**2. What is the tens digit of z(-1)?
1
Let c(d) = -d**2 - 29*d - 48. Suppose -3*w = 0, 2*b - 3*w = -0*w - 44. What is the tens digit of c(b)?
0
Let z be -1 + (-5 - -2 - -18). Let b = -12 + z. Suppose p + b*p - 18 = 0. What is the units digit of p?
6
Let x = 93 + -85. Suppose 3*q = x*q - 325. What is the tens digit of q?
6
Let w = -4279 + 9110. What is the tens digit of w?
3
What is the tens digit of 0 - -6 - (3 + -42)?
4
Suppose 3*y - 7*y = -92. Suppose -10 = -x + y. What is the units digit of x?
3
Suppose -308 - 207 = -5*j. Suppose u - 130 = j. What is the tens digit of u?
3
Suppose -6*o + 4*o = -1466. What is the units digit of o?
3
Let u(w) = 5*w - 2. Let t be u(3). Suppose -10*m + t*m = 0. Suppose 3*p - 7 - 20 = m. What is the units digit of p?
9
Suppose 17*x - 793 = 2896. What is the hundreds digit of x?
2
Let q be (1 + -3)/((-18)/45). Suppose -b = t - 11, 5*t + q*b = t + 43. Let d(n) = -n**2 + 13*n + 6. What is the units digit of d(t)?
8
Let f(t) = t**3 + 5*t**2 - 6*t - 4. Let u = -24 + 19. What is the units digit of f(u)?
6
Suppose 0 = -10*t + 211 - 21. Let y = t + -14. What is the units digit of y?
5
Suppose -3*n = -7*n - 8. Let z be 20/(-2) + n - -4. What is the tens digit of ((-21)/(-1))/((-4)/z)?
4
Suppose -6 = n - 189. Suppose -142 = -4*w + 3*p, -9*w + n = -4*w - p. What is the units digit of w?
7
Let u(b) = 6*b**3 + 5*b**2 - 5*b - 7. Let q be (3/2)/(3/6). What is the units digit of u(q)?
5
Let c(d) = -4*d - 7. Suppose 6*r + 31 = -17. What is the units digit of c(r)?
5
Suppose 5*a - 27 + 7 = 0. Suppose -o = a*y - 173, 3*y = o - 2*o + 130. What is the tens digit of y?
4
Let f(l) = 15*l**2 - 18*l + 10. What is the hundreds digit of f(-5)?
4
Suppose -2*v = 2*o - 16, 2*o = o + 5*v - 10. Suppose o = 4*u - j, 5*u - 2*j + 0*j = 7. Let z(s) = 17*s**2 + s - 2. What is the units digit of z(u)?
6
Let n(f) = -4*f**2 + f + 8. Let m be n(5). What is the units digit of 6/9*-1*(6 + m)?
4
Let t = -97 + -17. Let q = -74 - t. What is the units digit of q?
0
Let g(d) = d**2 - 4*d - 5. Suppose -7*f + 2*f = 25. What is the units digit of g(f)?
0
Let v(i) = -705*i + 952. What is the hundreds digit of v(-5)?
4
Suppose -2*q = 4*x - 8626, 9554 - 900 = 2*q - 3*x. What is the hundreds digit of q?
3
Let q(z) be the second derivative of 11*z**3/6 + 11*z**2/2 - 2*z. What is the tens digit of q(12)?
4
Suppose -13 = -8*o + 19. Suppose -x - 29 = -b + x, b - 